2 - 38. Suppose -3*i = -3, 0 = 5*c - r*i - 24800 + 4879. Suppose 640 = -3*d + c. Is d composite?
True
Let i = -252 - -233. Let x(v) be the first derivative of -43*v**2 - 55*v + 1. Is x(i) prime?
True
Suppose -2*p + 2 = -5*k + 2*p, -3 = -3*k + p. Suppose -3*j = k*t - 695 - 673, -4*j - 16 = 0. Suppose t = 3*g - 231. Is g a composite number?
False
Let y = -104531 - -63999. Is 5/(-8 + -12)*y a prime number?
True
Suppose 4*k = -49 + 61. Suppose k*l - 8*o + 3*o = 5867, -3*o - 5859 = -3*l. Is l a prime number?
True
Suppose 7004195 - 17673444 + 98272629 = 68*p. Is p a prime number?
False
Suppose 29*i = 13*i - 144. Let a(m) = 32*m**2 - 32*m + 13. Is a(i) a composite number?
True
Let n be 10756/7 + 8/(-14). Suppose n = 7*g - 6*g. Let a = -693 + g. Is a prime?
False
Let b(m) = 80*m. Let q be b(1). Suppose 233 = -5*l - 4*v, -5*l - 3*v + 69 = 305. Let j = q + l. Is j prime?
True
Let s(l) = 68*l - 47. Let n be s(-6). Is (-9 - n/49) + 31006/14 composite?
True
Suppose 5*j - 33 = a, 8 + 2 = 5*a. Let m be ((-6)/8)/(j/3892). Let f = 218 - m. Is f a composite number?
True
Let z be ((-1)/3)/(4/(-216)). Let w be (-1 - 0) + z/(-6) + 11. Suppose -4*k = -5*y + 931, w*k - 2*k - 379 = -2*y. Is y prime?
False
Suppose 0 = -14*k + 21 + 49. Suppose -5*f + 34 = -k*m + 4, -2*m = f + 3. Suppose 3*h - 5*h + 4362 = 4*x, 0 = 3*h - f*x - 6534. Is h prime?
True
Suppose -q - 2*q - i = -39, i = -5*q + 63. Suppose -q = -4*a + a. Suppose -4*j + 3*c + 1582 = 0, a*j + 0*c - 1592 = -2*c. Is j composite?
False
Is (-303122)/3*12/(-8)*(-45 - -46) prime?
True
Is -2372*(18/12 - 1)/(-1 + 0) a composite number?
True
Let j be 8/32*-4*4. Let z(g) = -2888*g - 3. Is z(j) composite?
False
Let x(h) = -h**2 - 13*h + 32. Let l be x(2). Suppose -3*o + 0*j = -l*j - 335, -2*o + 4*j = -234. Is o a composite number?
False
Suppose -3*j = -64 + 19. Suppose -u = y + 3, -u - 4*u + 2*y - j = 0. Is u*((-650)/15 + -4) composite?
True
Let i(w) = -44*w**2 + 3*w + 1. Let o be i(-1). Let h = o - -51. Suppose x = -h*x + 1842. Is x composite?
False
Let b(a) = a + 1. Let h(z) = -194*z + 10. Let n(p) = b(p) + h(p). Let j(s) = -96*s + 5. Let t(i) = -11*j(i) + 6*n(i). Is t(-13) a prime number?
False
Let a = -29 - -31. Suppose -2*r = 2*r + l - 92374, -3*l + 46192 = a*r. Is r prime?
False
Suppose -4*t - t = -15. Suppose o + 4*a = -0*a + 5293, -5*o - t*a = -26482. Is o a composite number?
False
Let t = 31495 - -131116. Is t a composite number?
False
Let b(q) = 15591*q - 6638. Is b(5) a prime number?
True
Suppose 59*x - 38 = 58*x. Let i be (-1 - -1)*19/x. Suppose 0*g = -2*g - 2*f + 2068, -2*g - 5*f + 2053 = i. Is g a prime number?
True
Suppose -1157 = 3*r + 2*g, -2*r - 4*g - 773 = -3*g. Let p = -202 - r. Suppose -5*j = -p + 22. Is j composite?
True
Let w be 6/(1/(-4*(-2)/12)). Suppose -6*h = -h, -x + w*h + 10079 = 0. Is x a prime number?
True
Let q(d) = d**2 + 11*d - 78. Let n be q(-16). Suppose h = n*a - 11021, -11*h = 2*a - 10*h - 11015. Is a a prime number?
False
Suppose 3*s - 599854 = -5*l, 0 = -3*l + 88*s - 90*s + 359913. Is l prime?
False
Suppose -18*u + 51937 = -55071 + 2590. Is u a prime number?
True
Is 3*2 + 10/((-40)/(-884668)) + -14 a prime number?
True
Suppose -33*z = -3*z - 15362 - 72808. Is z a prime number?
True
Let l = 279496 - 109787. Is l a prime number?
True
Let y(l) = l**3 + l**2 + l + 5. Let z be y(0). Suppose 0 = 4*g + 19 - 7, -z*g - 7 = u. Suppose -5*f + o = -39, u = -3*o + o. Is f composite?
False
Let j = 53990 - 2308. Is j a composite number?
True
Suppose 2*y + 113385 = -26*v + 31*v, 22677 = v - y. Is v a composite number?
True
Suppose -7*f + 0*f + 237685 = -0*f. Is f a prime number?
False
Let a = 4547 - 4356. Is a a prime number?
True
Suppose -248*y - 58*y = -90*y - 53519832. Is y prime?
False
Suppose -10*c - 1710 + 9860 = 0. Let d = c + -508. Is d a composite number?
False
Let r(h) = -h**2 + 36*h + 1239043. Is r(0) composite?
True
Let w(x) = -1012*x - 35. Suppose -5*o - 64 = i - 13, -3*i = -4*o - 37. Is w(o) prime?
False
Suppose 126*g - 11*g = 1287655. Is g a prime number?
True
Suppose 69*b + 112 = 77*b. Let z(y) = 6*y**3 + 11*y**2 + 5*y + 1. Is z(b) a composite number?
False
Suppose -2*g - 5*t + 199812 = 0, 0 = -g + 386*t - 388*t + 99905. Is g prime?
True
Suppose z = 2*j - 5, 7*z - 9*z = -3*j + 6. Suppose -2*c + z*w + 1168 = 0, -56 + 633 = c - 5*w. Is c a prime number?
True
Let i(w) = -15*w - 22. Let g be i(-2). Is (2 + -2 + -14)*(-6772)/g a composite number?
True
Let j = -10012 - -18629. Let d = j + 612. Is d prime?
False
Suppose -4*f = -2*c + 1041462, c - f - 798611 = -277872. Is c prime?
True
Let h be 1 + (-324)/(-2) - -5. Let m = h + 233. Let q = m + -190. Is q composite?
False
Let q(g) = -5 + 177*g + 6 + 2 + 2. Let u = 258 + -254. Is q(u) composite?
True
Let w be 3*75/((-25)/(-5)). Suppose 10 - w = 7*o. Is (-2)/5 - 5757/o composite?
False
Suppose -9*u = -31*u + 154. Suppose u*g = 42409 + 697. Is g composite?
True
Let x(k) = -12*k**3 - 4*k**2 + 8*k + 7. Let l be x(-4). Let i = -6 + l. Is i a composite number?
False
Let u be (-4 + (-13 - -1))*1/2. Let l be (-162)/(-12) + u + 2/(-4). Suppose l*c = 1393 + 5617. Is c prime?
False
Let k = 1695399 - 933290. Is k a prime number?
False
Let l = 81434 - -23079. Is l prime?
True
Let t = -12 - -8. Let v be (2/4)/((-3)/3180). Is v/t - ((-7)/(-2) + -4) a composite number?
True
Let d = 45 + -54. Let t be (-5236)/(-5) - d/(-45). Let w = t - 464. Is w composite?
True
Let s = 1428740 + -1006002. Is s a composite number?
True
Is -2 + (-5 - -9) + 80027 a composite number?
True
Let i be 3 - (3/9 + (-8)/6). Suppose -l + 19 = 5*z - 6, l + i*z = 21. Suppose -3976 = -l*v + 9. Is v a composite number?
False
Suppose 9 = 2*f - 52*s + 49*s, 4*s + 12 = 0. Suppose f = -5*y - 1590 + 6125. Is y a composite number?
False
Suppose 41*o = 7277586 + 3684707. Is o prime?
True
Suppose -445*d + 4407364 = -43*d - 5937302. Is d prime?
True
Suppose p = -4*p - 175005. Is (p/(-36))/((-1)/(-4)) a composite number?
False
Let h = 24 + -28. Let u = h - -5. Is u*(-5)/(-15)*2049 prime?
True
Let a(r) = 6636975*r + 610. Is a(1) a prime number?
False
Let k(x) be the second derivative of x**4/6 + x**3/2 - 15*x**2 - 17*x. Let y be k(-5). Suppose 0 = y*n - 36 - 1439. Is n composite?
True
Let a(d) = 11*d**3 - 161*d**2 + d - 219. Is a(28) composite?
False
Is (424 - 5)*((-7 - -1662) + 2) a composite number?
True
Is (-25 - -27) + 2/(-2) + 114700 a composite number?
True
Let l be (-13937)/(-42) + 3 + (-1)/(-6). Let s = l - -18. Is s a composite number?
False
Let a(b) = b**2 + 13*b + 47. Let k be a(-7). Suppose 0 = f + k*i - 1507 - 624, -i - 8503 = -4*f. Is f a composite number?
True
Suppose -2*m + 52344 = -8*m. Let y = m - -12521. Is y composite?
False
Let l(u) = -u**3 + 7*u**2 + 9*u - 1. Suppose -3*s - 2 = -20. Is l(s) a composite number?
False
Suppose 8*j + 3*j = 990. Suppose 85*k = j*k - 6580. Suppose 0*w + c = -w + k, 2*w - 2642 = 3*c. Is w a composite number?
True
Let i(o) = 1892*o**3 + o**2 - o. Let q be i(1). Let v be (-1581)/(-3) + 5 + -1. Let k = q - v. Is k a prime number?
True
Is (38/171*-61613)/(3/(-27)) composite?
True
Let g = 55 + -51. Suppose 0 = 5*v + 3*r + 2*r - 7550, -5*v + 7577 = -g*r. Is v composite?
True
Suppose -3*h - 5*x + 7*x + 5830 = 0, 5*h - 9722 = 2*x. Suppose -2*k + 16*k = h. Is k a prime number?
True
Let i be 5 + -1 - (19 + -18). Let q be (3/(-9) + (-3994)/(-6))*3. Suppose 7*b = i*b + q. Is b a composite number?
False
Suppose -10*g + 6*g + 5064 = 0. Let i = g + 1293. Is i a prime number?
False
Let f be 0 - (-6)/4*(-16)/(-12). Suppose f*o = 3*o + 9. Is (5 - 11)*489/o a composite number?
True
Is (-10 - (-261)/27)/((-3)/1465245) prime?
False
Let m(f) = -567*f + 2467. Is m(-86) prime?
True
Let a be 174*(-1)/10 - (-8)/20. Let x(w) = -w**2 - 32*w - 92. Is x(a) prime?
True
Let w(r) = 220*r**2 - 7*r - 1. Let l be (-744)/(-21) - (1 + (-44)/28). Let u = -32 + l. Is w(u) prime?
True
Let t(u) = -537*u + 2. Suppose 2*s - 4*m = 22, -3 = 5*s + 4*m - 2. Let y be -106*s/42 - 8/(-14). Is t(y) a composite number?
False
Let w(d) be the third derivative of -d**6/120 + d**5/10 - d**4/24 + d**3/6 - 4*d**2. Let y be w(11). Let g = y + 1246. Is g a composite number?
False
Let t(o) = 789*o**2 - 3*o + 17. Suppose -100 = -47*s + 27*s. Is t(s) prime?
True
Suppose -127*f + 1545777 = 3*f - 4212053. Is f pr